
-41
Let j(s) = -11*s**3 + 486*s**2 - 100*s + 554. Determine j(44).
26
Let t(l) = 36*l**2 + 487*l - 4215. Give t(6).
3
Let f(p) = p**3 - 67*p**2 + 963*p - 1087. Determine f(47).
-6
Let w(y) = 9*y**2 - 11*y - 9. Give w(4).
91
Let z(d) = 445*d - 7560. Determine z(17).
5
Let z(d) = -3*d**3 - 24*d**2 - 6*d + 4. What is z(-8)?
52
Let u(x) = -5*x**2 + 791*x - 159. What is u(158)?
-1
Let r(b) = b**3 + 8*b**2 + 27*b + 166. Give r(-8).
-50
Let u(n) = n**3 + 25*n**2 + 146*n + 29. Give u(-16).
-3
Let z(d) = d**3 + 7*d + 12. Determine z(-2).
-10
Let b(k) = 10*k**3 + 13*k**2 - 9*k - 3. Give b(-2).
-13
Let j(u) = -u**2 + 16*u + 11. Determine j(11).
66
Let n(t) = -318*t - 636. What is n(-2)?
0
Let r(u) = -3*u - 160. Give r(-52).
-4
Let a(j) = -15*j + 76. What is a(-8)?
196
Let u(k) = k**2 - 25*k - 78. What is u(18)?
-204
Let b(p) = 3*p**3 + 356*p**2 + 236*p - 39. What is b(-118)?
-39
Let g(b) = b**3 - 54*b**2 + 156*b - 127. Give g(51).
26
Let r(c) = 2*c**2 - 436*c - 2215. Give r(-5).
15
Let n(j) = -j**2 + 123*j - 1246. Give n(113).
-116
Let t(d) = 10*d**2 + 117*d - 39. Determine t(-12).
-3
Let k(a) = -78*a**2 - 42*a + 82. Determine k(2).
-314
Let w(d) = 15*d - 235. What is w(10)?
-85
Let u(m) = -m**3 + 10*m**2 + 1580*m + 163. Calculate u(-35).
-12
Let j(u) = u**3 - 14*u**2 + 487*u - 7538. Calculate j(15).
-8
Let w(x) = -231*x + 3462. What is w(15)?
-3
Let n(j) = -36*j + 7. Calculate n(-3).
115
Let t(o) = o**3 - 21*o**2 - 2037*o - 859. Calculate t(57).
-4
Let p(r) = -r**3 - 21*r**2 + 4*r - 372. Calculate p(-22).
24
Let l(k) = -3*k**2 - 37*k - 87. What is l(-7)?
25
Let v(d) = 7*d**2 - 5*d - 228. Give v(-6).
54
Let f(l) = l**2 + 21*l - 568. Give f(16).
24
Let j(s) = s**3 + 9*s**2 + 22*s + 93. Determine j(-8).
-19
Let q(h) = -h**3 - 3*h**2 + 6*h + 69. What is q(-7)?
223
Let g(t) = -33*t - 336. What is g(-10)?
-6
Let a(i) = -63*i**2 + 8*i - 7. Calculate a(-3).
-598
Let a(j) = -174*j + 186. Determine a(1).
12
Let f(s) = -10*s**3 + 4*s**2 - 81*s - 162. Calculate f(-2).
96
Let w(x) = -x**2 + 285*x + 2651. Determine w(-9).
5
Let f(l) = 56*l**2 - 785*l + 18. Calculate f(14).
4
Let z(f) = f**3 - 59*f**2 + 695*f - 296. Determine z(43).
5
Let s(m) = -4*m**2 - 82*m + 53. Determine s(-20).
93
Let n(g) = -425*g - 54388. Calculate n(-128).
12
Let c(s) = 317*s - 6638. Give c(21).
19
Let t(d) = -5*d**2 + 37*d + 24. Give t(8).
0
Let s(g) = g**3 + 18*g**2 + 44*g + 448. What is s(-17)?
-11
Let i(h) = -49*h - 406. Determine i(-8).
-14
Let g(d) = -99*d**2 - 50*d + 50. Give g(1).
-99
Let r(f) = f**3 + 28*f**2 + 73*f - 40. Calculate r(-25).
10
Let z(r) = r**3 - 244*r**2 + 484*r + 2. Give z(242).
2
Let q(k) = -70*k + 119. Calculate q(3).
-91
Let n(w) = -w**2 - 49*w - 476. Determine n(-34).
34
Let i(r) = -13052*r + 221879. Determine i(17).
-5
Let s(w) = -1531*w + 44392. Calculate s(29).
-7
Let y(d) = 38*d - 557. Give y(18).
127
Let t(q) = 2*q**3 - 6*q**2 - 32*q + 95. What is t(4)?
-1
Let s(g) = 416*g - 35780. Give s(86).
-4
Let y(w) = -22*w**2 + 247*w + 203. What is y(12)?
-1
Let t(w) = -w**3 + 19*w**2 + 288*w - 77. Determine t(29).
-135
Let r(q) = -q**2 - 7*q + 152. Give r(-18).
-46
Let b(v) = -28*v - 19. Give b(5).
-159
Let y(u) = -28*u - 62. What is y(4)?
-174
Let f(x) = -67*x + 1121. Calculate f(19).
-152
Let q(j) = -j**3 + j**2 + 6*j + 114. Give q(5).
44
Let x(b) = 127*b + 1789. Determine x(-14).
11
Let y(r) = -r**2 + 84*r + 1152. Determine y(96).
0
Let m(u) = 6*u**3 + 30*u**2 + 37*u + 208. Determine m(-5).
23
Let o(v) = 3*v**3 + 5*v**2 + 4*v - 19. Calculate o(3).
119
Let k(i) = 21*i + 291. Determine k(-16).
-45
Let l(m) = -m**2 + 18*m + 34. Determine l(-2).
-6
Let c(q) = 2*q**2 + 29*q + 10. Calculate c(-6).
-92
Let t(r) = 18*r**2 - 4*r - 9. Give t(3).
141
Let p(m) = -1208*m + 9786. Calculate p(8).
122
Let d(w) = -5*w**3 + 74*w**2 + 11*w + 64. Determine d(15).
4
Let x(h) = 12*h**3 + 46*h**2 - 125*h + 4. Calculate x(2).
34
Let x(z) = -23*z**2 - 8*z + 8. Calculate x(-3).
-175
Let a(d) = -4*d**2 - 3*d + 216. Calculate a(-9).
-81
Let h(l) = l**3 + 54*l**2 + 587*l + 109. Calculate h(-39).
31
Let z(g) = -3*g**2 + 4*g - 17. Give z(7).
-136
Let t(z) = -z**3 + 64*z**2 + 80*z - 865. What is t(65)?
110
Let o(k) = -1318*k - 2593. Determine o(-2).
43
Let t(k) = k**2 - 220*k + 4178. What is t(199)?
-1
Let q(n) = -27*n - 1077. Determine q(-40).
3
Let y(i) = -16*i - 607. Determine y(-25).
-207
Let a(q) = -495*q**2 + 471*q + 2. Calculate a(1).
-22
Let n(s) = -2*s**3 - 2*s**2 - 18*s - 102. Determine n(-4).
66
Let m(b) = -8*b + 96. Give m(25).
-104
Let i(g) = -522*g + 10452. Determine i(20).
12
Let c(l) = 4*l**2 + 137*l + 614. Give c(-29).
5
Let r(c) = 241*c + 21. Give r(-1).
-220
Let x(d) = 5*d**3 + 12*d**2 + 9*d + 25. Give x(-3).
-29
Let p(b) = -1351*b - 8123. Give p(-6).
-17
Let o(p) = -p**3 - 14*p**2 - 39*p - 502. What is o(-14)?
44
Let a(h) = -2*h**3 + 18*h**2 - 39*h + 69. Give a(7).
-8
Let h(c) = c**3 + 89*c**2 + 85*c - 180. Give h(-88).
84
Let a(p) = -p**2 - 126*p - 372. Calculate a(-3).
-3
Let m(x) = -14*x - 1459. What is m(-105)?
11
Let k(q) = 22*q**2 + 442*q - 415. Give k(-21).
5
Let i(a) = 96*a + 3650. What is i(-38)?
2
Let f(o) = -o**3 - 84*o**2 - 212*o + 2510. Calculate f(-81).
-1
Let y(n) = -8*n - 43. Give y(-5).
-3
Let q(d) = -36*d - 1469. Determine q(-41).
7
Let w(d) = -d**3 + 65*d**2 + 82*d - 1024. Give w(66).
32
Let w(h) = -h**3 - 157*h**2 - 1872*h + 12. What is w(-144)?
12
Let s(q) = -1831*q + 3668. Calculate s(2).
6
Let w(l) = -12*l**2 - 126*l + 17. Give w(-11).
-49
Let m(r) = r**3 + r**2 - 41*r + 2. What is m(-8)?
-118
Let l(a) = a**2 + 87*a + 718. Give l(-75).
-182
Let r(h) = -185*h - 237. What is r(-1)?
-52
Let q(g) = 14729*g + 5. What is q(0)?
5
Let l(g) = 1675*g + 20101. Give l(-12).
1
Let t(g) = g**3 + 76*g**2 - 84*g - 432. Give t(-77).
107
Let j(d) = d**2 - 82*d + 1673. Calculate j(42).
-7
Let r(z) = 3542*z - 31854. What is r(9)?
24
Let g(f) = 122*f - 1348. Determine g(11).
-6
Let m(x) = -x**3 - 56*x**2 + 360*x - 409. What is m(-62)?
335
Let w(i) = 141*i - 8134. Calculate w(58).
44
Let d(b) = 3*b**2 - 215*b - 1256. Calculate d(77).
-24
Let g(s) = 2*s**2 + 38*s + 33. What is g(-22)?
165
Let d(g) = 7*g**2 + 253*g + 1137. Give d(-31).
21
Let t(x) = -x**2 + 428*x - 4576. Determine t(11).
11
Let h(i) = 71*i + 4326. Determine h(-61).
-5
Let o(c) = -4*c**2 - 180*c - 1277. Calculate o(-36).
19
Let w(p) = p**2 + 509*p - 4657. Give w(9).
5
Let p(q) = -q**3 - 40*q**2 - 43*q - 5. Determine p(-39).
151
Let g(h) = 594*h + 3599. Determine g(-6).
35
Let q(w) = w**2 + 93*w + 2058. Calculate q(-55).
-32
Let d(i) = -i**3 + 87*i**2 - 336*i + 352. Determine d(83).
20
Let m(g) = -2*g**2 + 166*g + 7884. Give m(117).
-72
Let d(i) = i**2 + 83*i + 698. What is d(-60)?
-682
Let q(b) = b**3 - 14*b**2 - 240*b - 9. Give q(24).
-9
Let a(c) = -c**3 - 14*c**2 + 6*c - 22. Calculate a(-13).
-269
Let g(z) = 944*z + 4843. Calculate g(-5).
123
Let u(z) = 228*z + 8667. What is u(-38)?
3
Let q(w) = -w**3 - 4*w**2 - 61. Calculate q(0).
-61
Let s(o) = -o**3 - 12*o**2 - 4*o - 18. Calculate s(-12).
30
Let p(q) = q**3 + 25*q**2 - 1036*q - 82. Give p(-47).
12
Let h(g) = 6*g**2 + 125*g + 726. Calculate h(-9).
87
Let j(l) = 432*l - 104. Calculate j(3).
1192
Let h(r) = -48*r**3 - 96*r**2 + 8*r + 10. Give h(-2).
-6
Let x(v) = 113*v + 822. Give x(-8).
-82
Let b(y) = 35*y**2 + 104*y - 9. What is b(-4)?
135
Let n(k) = -k**2 - 587*k + 5356. Give n(9).
-8
Let z(a) = 16*a - 314. Calculate z(54).
550
Let n(i) = -i**3 + 30*i**2 - i + 91. Calculate n(30).
61
Let v(g) = g**3 - 8*g**2 - 49*g - 23. Calculate v(12).
-35
Let h(g) = -g**3 - 13*g**2 + 24*g + 78. Determine h(-14).
-62
Let q(y) = -7*y - 72. Determine q(25).
-247
Let q(l) = 10*l**3 - 3*l**2 + 2. Give q(2).
70
Let d(q) = q**3 - 4*q**2 - 62*q + 279. Determine d(7).
-8
Let u(n) = 395*n**2 - 8688*n - 15. Determine u(22).
29
Let t(v) = 3*v**3 - 158*v**2 - 51*v - 114. Determine t(53).
-8
Let y(t) = -8*t**2 + 188*t + 577. Give y(-3).
-59
Let i(l) = -2*l**2 + 98*l + 790. Calculate i(-7).
6
Let i(j) = j**3 - 45*j**2 + 42*j - 5. What is i(44)?
-93
Let v(o) = 2*o**3 - o**2 - 38*o - 38. Give v(-7).
-507
Let j(o) = 91*o - 1917. Calculate j(21).
-6
Let v(h) = -311*h - 1571. What is v(-5)?
-16
Let h(c) = 6*c**2 - 6*c + 6. Calculate h(5).
126
Let f(o) = -4*o**2 - 860*o - 6625. Give f(